((-18)/(-36))/(1/10) - 9. Give s(p).
-24
Let x(u) = 14*u**2 - u**2 - 18*u**2 + u. Let f be ((-6)/10)/(2/(-10)). Suppose -f*g + 3*i = -6, 3*i + 2 = i. Determine x(g).
-4
Let a(w) = 152*w - 165*w - w**2 + 1120 + 3*w**2 - 1107. What is a(8)?
37
Let f be ((-245)/(-3))/(-7) + 12. Let k(b) be the first derivative of f*b**3 - 36 + 2*b + 5/2*b**2. Give k(-4).
-2
Let u be 80418/8 + 17/(-68). Let j(s) = u*s**2 - s + 4*s**3 + 3*s - 10055*s**2. Calculate j(2).
24
Let v be (-38)/(-437) - (-176)/92. Let f(n) = 7 + 8*n**v - 5 - 8*n + 6*n + 5*n. What is f(-2)?
28
Let g(t) = -4*t + 14 - 14 + 19 + 24. Let r be g(12). Let b(c) = -c**2 + 2*c - 6. Let i(u) = -u**2. Let p(n) = b(n) - 2*i(n). Give p(r).
9
Suppose v + 31 = 2*n, 4*v + 71 = 4*n - v. Let j be (-2)/n + 550/(-70). Let a(h) = 0 + 0 - h + 0 + 2. What is a(j)?
10
Let x(p) = -17*p**2 + p + 1. Let m = 91 - 89. Suppose 2*n + 2 = 4*g, -n + 4*g + 1 - m = 0. Determine x(n).
-17
Let y(k) be the second derivative of k**5/20 - 5*k**4/3 + 11*k**3/3 - 49*k**2/2 + 390*k + 3. Give y(19).
8
Let u(a) = -a**3 + 21*a**2 - 39*a - 5. Let q = -17 + 36. What is u(q)?
-24
Let t(h) = 10*h**3 + h. Let f = 59 + -99. Let b = f - -43. Suppose -5 = b*v + 2*v. Calculate t(v).
-11
Let x(d) = -d**2 - 21*d - 66. Let j(f) = f**2 + 38*f + 330. Let c be j(-24). Determine x(c).
24
Let v = 1910 + -935. Let j = v - 659. Let u(x) = 2*x - 627 + 315 + j. Give u(-4).
-4
Let q(m) = -3*m - 5*m + 10*m**2 - 4*m**2 - 8*m**2. Let a be q(-4). Suppose -4*o - 24 = 4*p, -2*o = -a*o - p + 12. Let s(x) = -x**2 - 8*x - 6. Give s(o).
6
Let o(y) = y**2 - 21. Let t be o(-5). Let b(w) = t*w - 1 - 14*w - w**2 + 6. Let v be b(-11). Let c(i) = -2*i**2 - 10*i - 6. Calculate c(v).
-18
Suppose o + 5*v = 1 + 3, 4*o - v + 5 = 0. Let s(q) = 7*q + 9. Let w = -127 - -123. Let n(t) = -7*t - 11. Let p(i) = w*n(i) - 5*s(i). Give p(o).
6
Let x(q) = -116 + 59 + 56 + 2*q. Give x(-8).
-17
Let x(u) be the third derivative of u**4/12 - 19*u**3/2 + 2107*u**2. What is x(22)?
-13
Let i(p) = 9*p + 14. Let c(r) = 4*r + 7. Let n(o) = -7*c(o) + 3*i(o). Let v(b) = b + 6. Let j(q) = 3*n(q) + 4*v(q). Give j(4).
7
Let k = 14083 + -14080. Let o(j) = 13*j - 42. Calculate o(k).
-3
Let x = -3 - -47. Let b = x - 42. Let z(y) = -23*y + b*y + 1 + 5*y + 11*y. What is z(3)?
-14
Let s(g) = g**3 + 4*g**2 - 3*g - 3. Let b be s(-2). Suppose 15 = 4*h + b. Let p(f) = 3*f**3 - 4*f**3 + 3*f**2 - 3 + h + 3*f**3. Calculate p(-2).
-6
Let p(f) = f**2 - 9. Let a(b) = b**2 - 8. Let z(r) = -6*a(r) + 5*p(r). Let d be 34 + -12 + 11 + (-3)/(-1). Suppose -y = 11*y - d. What is z(y)?
-6
Let s(m) = -3459 + 3518 - 87*m + 96*m. What is s(-8)?
-13
Suppose -l - 2*i = l - 14, 0 = l - 3*i - 11. Let m(a) = 55*a + 2 - 5*a**3 + 4*a**3 + 9*a**2 - 65*a. What is m(l)?
-14
Let i(j) = -22*j + 685. Let n be i(31). Let u(t) = -t**2 - t + 12. Give u(n).
0
Let r(d) = -5*d - 24*d + 48*d - 5 - 18*d. Suppose 5*g = -2*t - t - 30, -4*t - g = 23. Calculate r(t).
-10
Let n(y) = -3*y**2 + y - 2. Let d(b) = -b**3 + 19*b - 9. Let r be d(4). Suppose r*p = -3, 3*o - 5*p + p = 4. Suppose o = 22*z - 23*z + 2. What is n(z)?
-12
Let s(g) = -3*g**2 - 8*g. Let u(w) = -17*w**2 - 40*w + 1. Let h(v) = 11*s(v) - 2*u(v). Let t be ((-9)/2)/((-6)/(-48)*3). Let p be t*(3 - 0)/(-9)*1. Give h(p).
-18
Let f(z) = z**3 + 15*z**2 - 16*z - 3. Let s = 808 - 769. Suppose 0 = 3*j + 2*u + 42, s = j + 5*u + 40. What is f(j)?
-3
Let b(r) = -6*r + 159. Let g(v) = 282*v - 1947. Let f be g(7). Calculate b(f).
-3
Let z(k) = 2*k**2 - 1. Let n = 579 - 522. Suppose -12*a + n = 45. Give z(a).
1
Let w(j) be the third derivative of -j**4/4 + 31*j**3/6 + 1028*j**2. Give w(6).
-5
Suppose 54 = 4*i + 2*g + 20, 5*i - 43 = -3*g. Let u(w) = -2*w**3 + 16*w**2 + 4. Let f be u(i). Suppose -f*x + x = 18. Let l(q) = q**2 + 9*q + 8. What is l(x)?
-10
Let g(w) = 0*w - 2*w - w + 2*w. Suppose 0 = -3*o - 4*d + 4, 3*d = -3*o + 2*d + 10. Suppose o*t = 3*f - 0 - 4, t = -f + 6. Determine g(t).
-2
Let o(i) = -62*i**2 - i + 1. Let b be (0 - 1 - (-118 - -116))/1. Determine o(b).
-62
Let d(p) = p**3 + p**2 - p. Let w(o) = 4*o**3 + 9*o**2 + o - 4. Let y(i) = 3*d(i) - w(i). Suppose 15*h = 14*h + 3. Suppose -7*m = h + 32. What is y(m)?
-1
Suppose x - 41 - 47 = -3*h, -2*h = -5*x - 87. Let a = -92 + 122. Let m = a - h. Let d(g) = -9*g**3 - 1. Give d(m).
8
Let j(w) = 1 + 1 - 34*w + 36*w. Let d(a) = 2*a + 1. Let t(l) = -3*d(l) + j(l). Give t(-3).
11
Let z(j) be the third derivative of j**4/4 - 2*j**3/3 - j**2. Let k be (-30)/(-1)*-6*(-5)/15. Let g be (-32)/144 - (-1 + k/(-27)). Determine z(g).
14
Let t(c) = c - 3. Let y be t(3). Suppose 14 - 6 = 4*b. Let i(k) = -10 + k**b + 43*k + 2 + 44*k - 86*k. Calculate i(y).
-8
Suppose 97*m - 91*m = 0. Suppose -9*g - 345 + 318 = m. Let o(v) = -v**3 - 4*v**2 - 2*v + 1. What is o(g)?
-2
Suppose -3*o - g = -6, g - 5 + 1 = -2*o. Let k be (o - (-136)/(-40))/((-1)/5). Let b(i) = i**3 - 7*i**2 - i - 7. What is b(k)?
-14
Let x(c) = -c**2 + 5*c + 1. Let i = 261 + -276. Let l be i/(-3) - 12/42*7. Determine x(l).
7
Let r(a) = -a**2 + 34. Suppose 97*h - 418 = 340 - 176. What is r(h)?
-2
Let d(o) = -7*o**2 + 3*o + 69. Let n(c) = -c**2 - c + 1. Let i(y) = -d(y) - n(y). Let r(q) be the first derivative of i(q). Give r(2).
30
Suppose -23*t - 120*t = 0. Let z(k) = k**3 + k - 21. Determine z(t).
-21
Suppose 0 = 5*y - 33 + 43. Let x(l) = 2*l**3 + l**2 - 2*l - 1. Let c be x(y). Let w(f) = 0*f**2 + f**2 + 8*f + 30 - 34. Give w(c).
5
Suppose -5*y + 4*y = 2*s - 32, s = -y + 32. Suppose -2 + y = 3*d. Suppose -4*q - d = 6. Let c(a) = 4*a + 3. What is c(q)?
-13
Suppose -122 = -6*x - 92. Let m(a) = 28*a - 46 + 10 - x*a - 17*a. Calculate m(6).
0
Let f(d) = -23*d + 209. Let x be f(9). Let g be -1*(-8 - 6/(-2)). Let l(k) = 14*k - 5 + 1 - 12*k - g*k + k**x. What is l(4)?
0
Let r(y) = -17*y**2 - 15*y + 3. Let c(d) = -38*d**2 - 36*d + 5. Let s(n) = -4*c(n) + 9*r(n). What is s(-2)?
-15
Suppose h - 3*h - 2*u = -102, -4*h + 211 = -3*u. Suppose 5*q = 4*m - 52, -4*m - 34*q = -31*q - h. Let b(o) = -o**3 + 13*o**2 + 9. Determine b(m).
9
Let s(l) = -14*l**3 - 129*l**2 - 20*l**3 + 1 + 131*l**2 - 63*l**3 + 2*l. What is s(-1)?
98
Let l(g) = g + 32. Let i be -1055*(-10)/(-700) + (-2)/(-28). What is l(i)?
17
Let r(q) = 2*q**2 - 3*q - 6. Let x be r(3). Suppose -51 = x*g - 72. Let v(h) = -h**3 + 8*h**2 - 7*h - 6. What is v(g)?
-6
Let z(x) be the second derivative of 3*x**3/2 - 91*x**2 - 8*x - 3. Let w be z(19). Let q(a) = a**3 + 10*a**2 - 10*a + 4. Calculate q(w).
-7
Let t(n) = -4 + 2*n**2 - 163*n**3 + 5*n + 162*n**3 - 7*n**2. Let q be t(-6). Let v(s) = -2 - 1540*s**q + 16*s - 5*s + 1539*s**2. Calculate v(9).
16
Let q(v) be the third derivative of v**7/2520 + v**6/240 - v**5/60 + 22*v**3/3 - 63*v**2. Let b(j) be the third derivative of q(j). Give b(3).
9
Let o(t) be the third derivative of t**7/5040 + 19*t**6/720 - t**5/60 - 28*t**3/3 + 2*t**2 - 8. Let d(q) be the third derivative of o(q). Calculate d(-10).
9
Let g(r) = r**3 + 8*r**2 + 9*r + 15. Let y(k) = -k**3 + 11*k**2 - 29*k + 33. Let n be y(8). Determine g(n).
1
Let w(c) = -1041 - 2 - 101*c + 139. Give w(-9).
5
Let a(c) = 9*c**2 - 21 + 28*c - 30 + 29*c - 10*c**2 - 58*c. Determine a(0).
-51
Suppose 15*j = 192 - 147. Let b(y) = 3 + 3*y**3 + 2*y**3 - 5*y**2 + 3*y - 3*y**3 - y**3. Determine b(j).
-6
Let a(f) = f**3 - 8*f**2 + 8*f - 24. Let o(c) = 2*c**3 - 19*c**2 - 32*c - 5. Let h be o(11). Determine a(h).
-48
Let f(p) = -32*p**2 - 110*p + 183. Let u(g) = 5*g**2 + 18*g - 30. Let x(c) = -2*f(c) - 13*u(c). Determine x(-14).
24
Let o(w) = -19*w + 36. Let n be (-80)/(-220)*22 - 6. Give o(n).
-2
Let o(p) = -17*p - 9. Let f be o(-5). Let a(k) = k**3 + f - 2*k**3 - 71. What is a(0)?
5
Let p(b) = 13 + 6 - 9 + 10*b + 1 + b**2. Let h be p(-9). Suppose -5*s + h + 3 = 0. Let j(l) = -16*l**3 - l. Determine j(s).
-17
Suppose 38*n - 348 = -158. Let j(k) = 3*k**2 - 14*k + 20. Determine j(n).
25
Let b(w) be the third derivative of w**6/120 + 13*w**5/60 + 7*w**4/12 + 9*w**3/2 - 3*w**2 - 739*w. Calculate b(-12).
3
Let p(r) be the second derivative of -r**3/3 + 23*r**2/2 - 59*r. Let u(k) = -2*k + 21. Let w(v) = 5*p(v) - 6*u(v). Determine w(11).
11
Let p(i) = -i**3 - 2*i**2 - 2*i - 3. Suppose -5*l = 5*b + 1279 + 126, -1151 = 4*b - 5*l. Let n = 281 + b. What is p(n)?
12
Let n(f) = -f**2 - 73*f - 7